{"id":33,"date":"2016-02-11T18:37:09","date_gmt":"2016-02-11T18:37:09","guid":{"rendered":"http:\/\/gyori-bene.hu\/?page_id=33"},"modified":"2016-02-11T18:37:22","modified_gmt":"2016-02-11T18:37:22","slug":"linkek","status":"publish","type":"page","link":"https:\/\/gyori-bene.hu\/?page_id=33","title":{"rendered":"Linkek"},"content":{"rendered":"<p><a href=\"http:\/\/mjksz.hu\/\" target=\"_blank\">Magyar Juh-, \u00e9s Kecsketeny\u00e9szt\u0151 Sz\u00f6vets\u00e9g <\/a><\/p>\n<p>&nbsp;<\/p>\n","protected":false},"excerpt":{"rendered":"<p>Magyar Juh-, \u00e9s Kecsketeny\u00e9szt\u0151 Sz\u00f6vets\u00e9g &nbsp;<\/p>\n","protected":false},"author":1,"featured_media":0,"parent":0,"menu_order":0,"comment_status":"closed","ping_status":"closed","template":"","meta":[],"_links":{"self":[{"href":"https:\/\/gyori-bene.hu\/index.php?rest_route=\/wp\/v2\/pages\/33"}],"collection":[{"href":"https:\/\/gyori-bene.hu\/index.php?rest_route=\/wp\/v2\/pages"}],"about":[{"href":"https:\/\/gyori-bene.hu\/index.php?rest_route=\/wp\/v2\/types\/page"}],"author":[{"embeddable":true,"href":"https:\/\/gyori-bene.hu\/index.php?rest_route=\/wp\/v2\/users\/1"}],"replies":[{"embeddable":true,"href":"https:\/\/gyori-bene.hu\/index.php?rest_route=%2Fwp%2Fv2%2Fcomments&post=33"}],"version-history":[{"count":2,"href":"https:\/\/gyori-bene.hu\/index.php?rest_route=\/wp\/v2\/pages\/33\/revisions"}],"predecessor-version":[{"id":35,"href":"https:\/\/gyori-bene.hu\/index.php?rest_route=\/wp\/v2\/pages\/33\/revisions\/35"}],"wp:attachment":[{"href":"https:\/\/gyori-bene.hu\/index.php?rest_route=%2Fwp%2Fv2%2Fmedia&parent=33"}],"curies":[{"name":"wp","href":"https:\/\/api.w.org\/{rel}","templated":true}]}}